{"id":232,"date":"2019-06-20T10:23:50","date_gmt":"2019-06-20T08:23:50","guid":{"rendered":"https:\/\/it.ldf.mendelu.cz\/?page_id=232"},"modified":"2024-10-13T12:35:36","modified_gmt":"2024-10-13T10:35:36","slug":"software-pro-studenty-i-zamestnance","status":"publish","type":"page","link":"https:\/\/it.ldf.mendelu.cz\/?page_id=232","title":{"rendered":"Software pro studenty i zam\u011bstnance"},"content":{"rendered":"\n<p>Vzhledem k tomu, \u017ee se mohou licen\u010dn\u00ed a pr\u00e1vn\u00ed podm\u00ednky jednotliv\u00fdch program\u016f r\u016fzn\u00fdch v\u00fdrobc\u016f v \u010dase li\u0161it a m\u011bnit, jste povinni si nastudovat licen\u010dn\u00ed podm\u00ednky a u\u017e\u00edvat tyto licence pouze k \u00fa\u010del\u016fm, ke kter\u00fdm V\u00e1m je takov\u00e1 licence v\u00fdrobcem poskytnuta. Tedy, \u017ee pokud nap\u0159. v p\u0159\u00edpad\u011b Lumion 3D d\u00e1v\u00e1 v\u00fdrobce vodotisk na v\u00fdsledn\u00e9m v\u00fdkresu, nesm\u00edte ho odstra\u0148ovat a nesm\u00edte uveden\u00fd v\u00fdkres pou\u017e\u00edvat pro komer\u010dn\u00ed \u00fa\u010dely, ale pouze pro studijn\u00ed. Tot\u00e9\u017e je nutn\u00e9 dodr\u017eet u v\u0161ech ostatn\u00edch program\u016f a softwar\u016f, tak jak k\u00e1\u017ee v\u00fdrobce, jinak se vystavujete pr\u00e1vn\u00edm rizik\u016fm, za kter\u00e9 univerzita nenese zodpov\u011bdnost, proto\u017ee tak kon\u00e1te sami za sebe na sv\u00e9m vlastn\u00edm po\u010d\u00edta\u010di.<\/p>\n\n\n\n<h3 class=\"wp-block-heading\">N\u00e1sleduj\u00edc\u00ed odkazy vy\u017eaduj\u00ed p\u0159ihl\u00e1\u0161en\u00ed do UISu<\/h3>\n\n\n\n<ul class=\"wp-block-list\">\n<li><a href=\"https:\/\/portal.office.com\/account\/\">Microsoft Office na 5 za\u0159\u00edzen\u00ed zdarma<\/a><\/li>\n\n\n\n<li><a href=\"https:\/\/web2.mendelu.cz\/statistica\/\">Statistica pro studijn\u00ed\/pracovn\u00ed\/v\u011bdeck\u00e9 \u00fa\u010dely<\/a><\/li>\n\n\n\n<li><a href=\"https:\/\/optc.mendelu.cz\/32842n-matlab-celouniverzitni-licence-na-mendelu\">Matlab pro studenty i zam\u011bstnance<\/a><\/li>\n\n\n\n<li><a href=\"https:\/\/it.ldf.mendelu.cz\/?p=1008\">Edusetup &#8211; automatick\u00e9 sta\u017een\u00ed a instalace Eduroam Certifik\u00e1t\u016f<\/a><\/li>\n<\/ul>\n\n\n\n<h3 class=\"wp-block-heading\">N\u00e1sleduj\u00edc\u00ed odkazy vy\u017eaduj\u00ed registraci na str\u00e1nk\u00e1ch v\u00fdrobce pod Va\u0161\u00ed univerzitn\u00ed emailovou adresou a zvolen\u00ed mo\u017enosti &#8222;jsem student \u010di u\u010ditel&#8220;<\/h3>\n\n\n\n<ul class=\"wp-block-list\">\n<li><a href=\"https:\/\/www.autodesk.com\/education\/free-software\/autocad\">Autocad<\/a>  -&gt; (<a href=\"https:\/\/it.ldf.mendelu.cz\/?p=486\">n\u00e1vod jak rozb\u011bhnout autocad<\/a>)<\/li>\n\n\n\n<li><a href=\"https:\/\/www.rts.cz\/student.aspx\">BuildPower S&nbsp;<\/a><\/li>\n\n\n\n<li><a href=\"https:\/\/www.lumion3d.cz\/student\/\">Lumion 3D<\/a><\/li>\n\n\n\n<li><a href=\"https:\/\/www.lumion3d.cz\/textury-a-obrazky\/\">Lumion 3D &#8211; Seznam t\u0159et\u00edch stran poskytuj\u00edc\u00edch textury a obr\u00e1zky zdarma k pou\u017eit\u00ed<\/a><\/li>\n\n\n\n<li><a href=\"https:\/\/www.stormware.cz\/pohoda\/start\/\">Pohoda Start<\/a><\/li>\n\n\n\n<li><a href=\"http:\/\/sibyla.tuzvo.sk\/software.html\">Sibyla Triquetra<\/a><\/li>\n\n\n\n<li><a href=\"https:\/\/optc.mendelu.cz\/32842n-matlab-celouniverzitni-licence-na-mendelu\">MATLAB<\/a>   <a href=\"https:\/\/www.mathworks.com\/academia\/tah-portal\/mendelu-31494269.html\">MATLAB odkaz na str\u00e1nky v\u00fdrobce s univerzitn\u00edm p\u0159ihl\u00e1\u0161en\u00edm<\/a><\/li>\n\n\n\n<li><a href=\"https:\/\/mendelu-my.sharepoint.com\/:f:\/g\/personal\/xsalak_mendelu_cz\/Eg1O1Zt29z1EhlomuWKOAiIBH9-7_DMLHb3y5-AWN6yAHg?e=DaS6Xw\">SolidWorks<\/a><\/li>\n<\/ul>\n\n\n\n<h3 class=\"wp-block-heading\">Komunitn\u00ed edice zdarma pro nekomer\u010dn\u00ed \u00fa\u010dely:<\/h3>\n\n\n\n<p><a href=\"https:\/\/www.visual-paradigm.com\/editions\/community\/\">Visual-paradigm<\/a><\/p>\n\n\n\n<h3 class=\"wp-block-heading\">Pouze pro zam\u011bstnance na pracovn\u00ed PC\/notebooky:<\/h3>\n\n\n\n<p><a href=\"http:\/\/oit.mendelu.cz\/podpora\/dalsi-systemy\/26895-antivirove-reseni-eset\">Eset Endpoint Security<\/a><\/p>\n\n\n\n<h3 class=\"wp-block-heading\">N\u00e1sleduj\u00edc\u00ed software je zdarma pro v\u0161echny pro komer\u010dn\u00ed i nekomer\u010dn\u00ed \u00fa\u010dely:<\/h3>\n\n\n\n<p><a href=\"https:\/\/www.altap.cz\/cz\/salamander\/eula\/\">Altap Salamander 4.0<\/a><\/p>\n\n\n\n<h3 class=\"wp-block-heading\">U n\u00e1sleduj\u00edc\u00edho softwaru je nutn\u00e9 splnit licen\u010dn\u00ed podm\u00ednky k pou\u017e\u00edv\u00e1n\u00ed zdarma<\/h3>\n\n\n\n<p><a href=\"http:\/\/solicad.com\/c\/progecad-skoly\" data-type=\"URL\" data-id=\"http:\/\/solicad.com\/c\/progecad-skoly\">ProgeCad<\/a><\/p>\n\n\n<div class=\"wp-block-image\">\n<figure class=\"aligncenter size-large\"><a href=\"http:\/\/solicad.com\/h\/progecad\"><img loading=\"lazy\" decoding=\"async\" width=\"200\" height=\"125\" src=\"https:\/\/it.ldf.mendelu.cz\/wp-content\/uploads\/2021\/09\/progecad_200x125-2.png\" alt=\"\" class=\"wp-image-505\"\/><\/a><figcaption class=\"wp-element-caption\">Pou\u017e\u00edv\u00e1me progeCAD Professional od SoliCAD.com<\/figcaption><\/figure>\n<\/div>\n\n\n<p><a href=\"https:\/\/mendelu-my.sharepoint.com\/:u:\/g\/personal\/xsalak_mendelu_cz\/EdII6a14BA9Lp-91FPuAiisB35Rfc8xLeTWJjMm2br0_0w?e=DNMPpC\" data-type=\"URL\" data-id=\"https:\/\/mendelu-my.sharepoint.com\/:u:\/g\/personal\/xsalak_mendelu_cz\/EdII6a14BA9Lp-91FPuAiisB35Rfc8xLeTWJjMm2br0_0w?e=DNMPpC\">Seiwin<\/a> &lt;- spou\u0161t\u011bc\u00ed ikonka kdy\u017e m\u00e1te rozb\u011bhanou VPN.<\/p>\n\n\n\n<h2 class=\"wp-block-heading\">KROS<\/h2>\n\n\n\n<p>\u0161koln\u00ed verze softwaru od 1.9.2024 pouze online ve webov\u00e9m rozhran\u00ed (do budoucna i komer\u010dn\u00ed verze)<\/p>\n\n\n\n<ul class=\"wp-block-list\">\n<li> registrace student\u016f a akademik\u016f pomoc\u00ed univerzitn\u00edho mailu, na z\u00e1klad\u011b kter\u00e9 bude obratem automaticky ud\u011blena licence<\/li>\n\n\n\n<li>platnost licence v\u017edy po dobu \u0161koln\u00edho roku, tzn. 1.9. a\u017e 30.6. (s mo\u017enost\u00ed prodlou\u017een\u00ed)<\/li>\n\n\n\n<li>postup registrace: <a href=\"https:\/\/www.urs.cz\/software-a-data\/kros-4-ocenovani-a-rizeni-stavebni-vyroby\/studenti-a-skoly\" target=\"_blank\" rel=\"noreferrer noopener\">https:\/\/www.urs.cz\/software-a-data\/kros-4-ocenovani-a-rizeni-stavebni-vyroby\/studenti-a-skoly<\/a><\/li>\n<\/ul>\n\n\n\n<h2 class=\"wp-block-heading\">Software pro kohokoliv celkov\u011b zdarma nebo open-source<\/h2>\n\n\n\n<ul class=\"wp-block-list\">\n<li><a href=\"https:\/\/apps.microsoft.com\/detail\/9pd9bhglfc7h?hl=cs-CZ&amp;gl=CZ\">Inkscape<\/a> (konkurence vektorov\u00fdch kresl\u00edc\u00edch program\u016f Corel draw)<\/li>\n\n\n\n<li><a href=\"https:\/\/www.gimp.org\/downloads\/\">Gimp<\/a> (konkurence Photoshopu zdarma)<\/li>\n\n\n\n<li><a href=\"https:\/\/www.blender.org\/download\/\" data-type=\"link\" data-id=\"https:\/\/www.blender.org\/download\/\">Blender<\/a> (Program na vytv\u00e1\u0159en\u00ed 3D sc\u00e9n a objekt\u016f &#8211; konkurence Rhinoceros nebo 3D studio max)<\/li>\n\n\n\n<li><a href=\"https:\/\/help.prusa3d.com\/cs\/article\/stahnout-prusaslicer_2220\">PrusaSlicer<\/a> (Slicer pro 3d tisk)<\/li>\n\n\n\n<li><a href=\"https:\/\/ultimaker.com\/software\/ultimaker-cura\/\">Cura Slicer<\/a> (Slicer pro 3d tisk)<\/li>\n<\/ul>\n\n\n\n<h2 class=\"wp-block-heading\">Pot\u0159ebuji software, chyb\u011bj\u00edc\u00ed na t\u00e9to str\u00e1nce<\/h2>\n\n\n\n<p>Postupn\u011b na tuto str\u00e1nku budeme vkl\u00e1dat dal\u0161\u00ed software.<\/p>\n\n\n\n<p><\/p>\n","protected":false},"excerpt":{"rendered":"<p>Vzhledem k tomu, \u017ee se mohou licen\u010dn\u00ed a pr\u00e1vn\u00ed podm\u00ednky jednotliv\u00fdch program\u016f r\u016fzn\u00fdch v\u00fdrobc\u016f v \u010dase li\u0161it a m\u011bnit, jste povinni si nastudovat licen\u010dn\u00ed podm\u00ednky a u\u017e\u00edvat tyto licence pouze k \u00fa\u010del\u016fm, ke kter\u00fdm V\u00e1m je takov\u00e1 licence v\u00fdrobcem poskytnuta. Tedy, \u017ee pokud nap\u0159. v p\u0159\u00edpad\u011b Lumion 3D d\u00e1v\u00e1 v\u00fdrobce vodotisk na v\u00fdsledn\u00e9m v\u00fdkresu, nesm\u00edte &hellip; <\/p>\n<p class=\"link-more\"><a href=\"https:\/\/it.ldf.mendelu.cz\/?page_id=232\" class=\"more-link\">Pokra\u010dovat ve \u010dten\u00ed<span class=\"screen-reader-text\"> &#8222;Software pro studenty i zam\u011bstnance&#8220;<\/span><\/a><\/p>\n","protected":false},"author":1,"featured_media":0,"parent":0,"menu_order":0,"comment_status":"closed","ping_status":"closed","template":"","meta":{"_exactmetrics_skip_tracking":false,"_exactmetrics_sitenote_active":false,"_exactmetrics_sitenote_note":"","_exactmetrics_sitenote_category":0,"footnotes":""},"class_list":["post-232","page","type-page","status-publish","hentry"],"_links":{"self":[{"href":"https:\/\/it.ldf.mendelu.cz\/index.php?rest_route=\/wp\/v2\/pages\/232","targetHints":{"allow":["GET"]}}],"collection":[{"href":"https:\/\/it.ldf.mendelu.cz\/index.php?rest_route=\/wp\/v2\/pages"}],"about":[{"href":"https:\/\/it.ldf.mendelu.cz\/index.php?rest_route=\/wp\/v2\/types\/page"}],"author":[{"embeddable":true,"href":"https:\/\/it.ldf.mendelu.cz\/index.php?rest_route=\/wp\/v2\/users\/1"}],"replies":[{"embeddable":true,"href":"https:\/\/it.ldf.mendelu.cz\/index.php?rest_route=%2Fwp%2Fv2%2Fcomments&post=232"}],"version-history":[{"count":34,"href":"https:\/\/it.ldf.mendelu.cz\/index.php?rest_route=\/wp\/v2\/pages\/232\/revisions"}],"predecessor-version":[{"id":1220,"href":"https:\/\/it.ldf.mendelu.cz\/index.php?rest_route=\/wp\/v2\/pages\/232\/revisions\/1220"}],"wp:attachment":[{"href":"https:\/\/it.ldf.mendelu.cz\/index.php?rest_route=%2Fwp%2Fv2%2Fmedia&parent=232"}],"curies":[{"name":"wp","href":"https:\/\/api.w.org\/{rel}","templated":true}]}}